{"id":75420,"date":"2021-01-12T18:11:57","date_gmt":"2021-01-12T18:11:57","guid":{"rendered":"https:\/\/bosilj-krovista.hr\/wp\/?page_id=75420"},"modified":"2021-01-12T18:11:57","modified_gmt":"2021-01-12T18:11:57","slug":"zidne-obloge","status":"publish","type":"page","link":"https:\/\/bosilj-krovista.hr\/index.php\/services\/zidne-obloge\/","title":{"rendered":"Zidne obloge"},"content":{"rendered":"<section class=\"wpb-content-wrapper\"><p>[vc_row el_class=&#8221;big-quote-2&#8243; css=&#8221;.vc_custom_1433558003738{margin-bottom: 30px !important;}&#8221;][vc_column][vc_column_text]Najvi\u0161e vremena posve\u0107ujemo klijentovom projektu, pa se \u010desto puta desi da ne silazimo s krova radi fotografiranja. Iz tog razloga se u galeriji ne nalaze svi na\u0161i odra\u0111eni poslovi. Ipak, vjerujemo da \u0107ete i iz prilo\u017eenog vidjeti ne\u0161to \u0161to \u0107e Vam biti interesantno.<\/p>\n<div id=\"gtx-trans\" style=\"position: absolute; left: 84px; top: 62px;\">\n<div class=\"gtx-trans-icon\"><\/div>\n<\/div>\n<p>[\/vc_column_text][vc_column_text]<\/p>\n\n<p>[\/vc_column_text][\/vc_column][\/vc_row][vc_row el_class=&#8221;intro4 align-center min-box&#8221; full_width=&#8221;stretch_row_content&#8221; css=&#8221;.vc_custom_1610194287609{margin-bottom: 0px !important;background-color: #dd3333 !important;}&#8221;][vc_column width=&#8221;2\/3&#8243;][vc_custom_heading text=&#8221;Trebate vrhunskog izvo\u0111a\u010da krovopokriva\u010dkih radova?&#8221; font_container=&#8221;tag:h3|font_size:22|text_align:center|color:%23ffffff&#8221;][\/vc_column][vc_column width=&#8221;1\/3&#8243;][vc_btn title=&#8221;Na\u0161li ste ga! Zatra\u017eite ponudu!&#8221; style=&#8221;outline&#8221; shape=&#8221;square&#8221; color=&#8221;white&#8221; link=&#8221;url:%23||&#8221;][\/vc_column][\/vc_row]<\/p>\n<\/section>","protected":false},"excerpt":{"rendered":"<p>[vc_row el_class=&#8221;big-quote-2&#8243; css=&#8221;.vc_custom_1433558003738{margin-bottom: 30px !important;}&#8221;][vc_column][vc_column_text]Najvi\u0161e vremena posve\u0107ujemo klijentovom projektu, pa se \u010desto puta desi da ne silazimo s krova radi fotografiranja. Iz tog razloga se u galeriji ne nalaze svi na\u0161i odra\u0111eni poslovi. Ipak, vjerujemo da \u0107ete i iz prilo\u017eenog vidjeti ne\u0161to \u0161to \u0107e Vam biti interesantno. [\/vc_column_text][vc_column_text] [\/vc_column_text][\/vc_column][\/vc_row][vc_row el_class=&#8221;intro4 align-center min-box&#8221; full_width=&#8221;stretch_row_content&#8221; css=&#8221;.vc_custom_1610194287609{margin-bottom: 0px [&hellip;]<\/p>\n","protected":false},"author":1,"featured_media":0,"parent":59,"menu_order":0,"comment_status":"closed","ping_status":"closed","template":"","meta":{"footnotes":""},"class_list":["post-75420","page","type-page","status-publish","hentry"],"_links":{"self":[{"href":"https:\/\/bosilj-krovista.hr\/index.php\/wp-json\/wp\/v2\/pages\/75420","targetHints":{"allow":["GET"]}}],"collection":[{"href":"https:\/\/bosilj-krovista.hr\/index.php\/wp-json\/wp\/v2\/pages"}],"about":[{"href":"https:\/\/bosilj-krovista.hr\/index.php\/wp-json\/wp\/v2\/types\/page"}],"author":[{"embeddable":true,"href":"https:\/\/bosilj-krovista.hr\/index.php\/wp-json\/wp\/v2\/users\/1"}],"replies":[{"embeddable":true,"href":"https:\/\/bosilj-krovista.hr\/index.php\/wp-json\/wp\/v2\/comments?post=75420"}],"version-history":[{"count":1,"href":"https:\/\/bosilj-krovista.hr\/index.php\/wp-json\/wp\/v2\/pages\/75420\/revisions"}],"predecessor-version":[{"id":75421,"href":"https:\/\/bosilj-krovista.hr\/index.php\/wp-json\/wp\/v2\/pages\/75420\/revisions\/75421"}],"up":[{"embeddable":true,"href":"https:\/\/bosilj-krovista.hr\/index.php\/wp-json\/wp\/v2\/pages\/59"}],"wp:attachment":[{"href":"https:\/\/bosilj-krovista.hr\/index.php\/wp-json\/wp\/v2\/media?parent=75420"}],"curies":[{"name":"wp","href":"https:\/\/api.w.org\/{rel}","templated":true}]}}